a(s) = -4*s - 18. Let w be a(-8). Suppose 23 - 8 = 3*c + 2*f, -5*c + 2*f + 25 = 0. Suppose 9 = -c*y + 639. What is the highest common divisor of w and y?
14
Suppose -3*t + 8*j = 3*j - 1054, 5*j - 20 = 0. Calculate the highest common factor of 2 and t.
2
Let d be 4 - (4 + -1) - 18. Let p = d - -60. Calculate the highest common factor of 301 and p.
43
Suppose x - 38 + 2 = 0. Let f = x - 32. Suppose 5*l - 43 = -2*s, -5*l + 4*l + 23 = f*s. What is the greatest common factor of l and 1?
1
Suppose -3*d + 0*d + 36 = 0. Let c(l) = 7*l + 14. Let i be c(d). Suppose -5*m = 23 - i. Calculate the greatest common divisor of 3 and m.
3
Let o = -50 - -51. What is the greatest common factor of o and 16?
1
Let f = -126 + 162. What is the greatest common factor of f and 1356?
12
Suppose 9 = -3*r + 2*b + b, b + 5 = 5*r. Suppose 0 = r*y - 4 - 6, 83 = -2*a - y. Let d be (2 + a)*1/(-3). Calculate the highest common divisor of d and 21.
7
Let q be 2096/10 + 0 - 128/(-320). What is the greatest common factor of q and 3?
3
Let i = -31 + 43. Suppose -4 = -2*a - 0*g + g, -3*a - g + 6 = 0. Suppose 0 = c + 4*y - 24, y = 2*c + a*y - 69. Calculate the greatest common divisor of c and i.
12
Suppose 70 + 6 = 2*f. Let z = f - 26. Let r = 20 - z. What is the highest common factor of 1 and r?
1
Suppose -l = 342 - 361. Calculate the highest common factor of 475 and l.
19
Suppose 0 = 2*p - 6*p - 5*h + 108, -16 = -p - 4*h. Let n(u) = -u**2 - 15*u - 10. Let t be n(-14). What is the highest common divisor of p and t?
4
Let h be 0*(-2)/6*(3 - 4). Suppose -7*q + 9*q - 234 = h. Calculate the highest common divisor of 39 and q.
39
Let b = 30 - -42. Let j = b + -11. Suppose 4*s - j = w - 24, 3*s - 5*w - 32 = 0. Calculate the highest common divisor of 36 and s.
9
Let t = 73 - 78. Let m = t - -34. Calculate the greatest common divisor of m and 29.
29
Suppose -2*k + 15*v - 12*v + 1200 = 0, k + v = 590. What is the greatest common divisor of k and 18?
18
Suppose -2*z + 30 = 2*z + 2*b, -5*z + 2*b + 42 = 0. Let w(n) = -2*n**2 + 23*n - 7. Let o be w(z). What is the greatest common factor of 7 and o?
7
Let n(q) = -q**2 - 16*q - 31. Let i(v) = 2*v**2 + 48*v + 93. Let b(z) = -2*i(z) - 7*n(z). Let d be b(-10). What is the greatest common divisor of d and 19?
19
Let a(s) = -4*s + 78. Let m be a(19). Suppose 5 = i - 4*b + 18, -3*i = -2*b + 9. Let h be 2*i/(0 - 2). What is the greatest common factor of m and h?
1
Let w(t) = -4*t - 1. Let f be w(1). Let s be 2/(-4) + 11/22. Let p = s - f. What is the highest common divisor of 1 and p?
1
Let o be (-105633)/(-330) - (-3)/(-30). What is the greatest common factor of 80 and o?
80
Let h = -5888 - -5927. Suppose l = 522 + 242. Suppose -5*i - 4*m + 796 = 0, 5*i - m - l = 3*m. What is the greatest common factor of i and h?
39
Suppose -3*m + 4 = -2. Suppose 2*j = 5*o + 6*j + 13, -5*o + m*j - 1 = 0. Let z be -1*o/(3/231). What is the highest common factor of z and 7?
7
Let q be (((-2)/3)/(-2))/(5/165). Suppose -3*a - o + 32 = 0, 9 = -5*o - q. What is the highest common divisor of a and 108?
12
Let a = 111 - 101. Suppose -5*n = 5*n - a. What is the highest common factor of n and 2?
1
Suppose -m + j - 7 = 3*j, -m + 13 = -2*j. Suppose -f - 88 = -5*c, -3*c - m*f = -0*c - 60. Calculate the greatest common factor of c and 9.
9
Let p(u) = -6*u - 19. Let c be p(-6). Calculate the greatest common divisor of c and 5.
1
Suppose -4*x - 8 = 2*h, 0 = -4*h - h + x + 2. Suppose d + h*d - 9 = 0. Let p = 2 + d. Calculate the highest common factor of p and 77.
11
Let h(m) = -m**3 - 27*m**2 - 37*m + 54. Let w be h(-27). What is the highest common divisor of w and 27?
27
Let d(q) = -3*q**2 + 2. Let o be d(-5). Let m = 3 - o. Suppose m = v - 49. Calculate the greatest common divisor of 25 and v.
25
Suppose -2*i - 11 = -143. Suppose -3*h + 2*t + 27 = -t, -3*h + 24 = -2*t. Calculate the greatest common divisor of h and i.
6
Let z(g) = g + 6. Let a be z(-5). Suppose a = 2*o - 15. Calculate the greatest common divisor of o and 8.
8
Let a = -12 - -13. Suppose a = 3*u - 101. Suppose 0 = 5*z + 5*f - 70, u = z - f - 3*f. Calculate the greatest common factor of 27 and z.
9
Suppose -5*f = 17 - 47. Let q(d) = d**3 + 8*d**2 - 13*d - 21. Let l be q(-9). What is the highest common factor of l and f?
3
Let b = -60 + 78. What is the greatest common divisor of 9 and b?
9
Let a = 1 - -7. Suppose -4*k - 4 = -a. Calculate the highest common factor of 9 and k.
1
Suppose 0 = y + 1, 4*m - y = 390 - 81. Calculate the greatest common factor of m and 22.
11
Let m(b) = b**3 - 2*b**2 - 3*b + 2. Let o be m(4). Suppose 0 = 2*x - v - 21, -v + 3*v = 2*x - o. What is the highest common divisor of x and 30?
10
Let u = -564 + 325. Let a be (-15)/5*-1 - u. What is the greatest common factor of a and 22?
22
Let l(u) = -u + 4. Let q be l(-2). Let h = 2 + q. Suppose 5*k = 4*y + 55 - 163, 0 = -2*k - h. Calculate the highest common factor of 22 and y.
22
Let h(o) = 50*o - 348. Let p be h(8). Calculate the greatest common divisor of 234 and p.
26
Suppose -3*z = -z + d - 483, d + 717 = 3*z. What is the highest common factor of 160 and z?
80
Suppose 4*c - s = 157, 4*s = 2*c - 0*c - 68. What is the greatest common factor of c and 10?
10
Let b be (((-80)/6)/(-1))/(6/81). What is the greatest common factor of b and 9?
9
Let c be 63/14 - 4 - (-326)/4. Let m be c + -2 + 2 - -2. What is the greatest common factor of m and 42?
42
Suppose -4*s = 2*a - 82, 4*s + 38*a = 43*a + 117. Calculate the highest common factor of 621 and s.
23
Let r = -300 - -470. Let q(f) = -f**2 + 19*f - 36. Let t be q(5). What is the greatest common factor of t and r?
34
Let q = 35 - -6. What is the highest common factor of 41 and q?
41
Let b = -46 - -14. Let n = b - -104. Suppose -2*g = -18 - 18. Calculate the highest common divisor of g and n.
18
Suppose 5*a + 2*o - 1715 = 0, 0*o - 15 = 3*o. Calculate the highest common divisor of a and 69.
69
Let y be ((-4)/12)/(4/564). Let z = y + 71. What is the greatest common factor of 6 and z?
6
Let f = -224 + 225. Let b = -17 - -18. What is the highest common factor of b and f?
1
Let l(n) = 18*n + 248. Let f be l(14). What is the highest common factor of 150 and f?
50
Let l be 70*(3/(-6))/(-2 + 1). Let j(y) = -y**2 - 33*y + 29. Let i be j(-24). What is the highest common divisor of l and i?
35
Suppose x = -2*d + 18 + 11, 3*d + 5*x - 40 = 0. Let m = d + 3. Suppose -j + 22 = -0*j + r, -2*r + m = j. Calculate the highest common divisor of 234 and j.
26
Suppose 14*g = 9*g. Suppose u + g = 8. Calculate the highest common factor of u and 32.
8
Suppose 3*h + 5*x = 95, 2*h - 5*x - 30 = -0*h. Suppose -16 - 14 = -3*o. Calculate the greatest common divisor of o and h.
5
Suppose -14*p + 10*p + 320 = 0. Let a be -1 + 3 + p/5. What is the highest common factor of 198 and a?
18
Let q be 102/14 - 6 - (-12)/(-42). Calculate the highest common divisor of 13 and q.
1
Let n be (-3 - -1)/(8/(-180)). What is the highest common divisor of 5 and n?
5
Let c = -14 - -57. Suppose y + c = h, -h - 18 = -3*y - 63. Calculate the highest common divisor of h and 28.
14
Let t(h) = h**3 + 11*h**2 + 15*h - 19. Let i be t(-9). Let s(y) = 2*y**3 - 4*y**2 + 4*y - 8. Let j be s(4). What is the greatest common divisor of j and i?
8
Let n(j) = 6*j**2 - 24*j + 60. Let m be n(6). What is the highest common factor of 33 and m?
33
Suppose -252 = -4*i + i - 3*y, -2*i - 5*y = -177. Let n be 12/24*(1 + -1 - 0). Suppose -a + 108 + i = n. What is the greatest common divisor of 21 and a?
21
Let a be -3 + (-2)/(-1) - -3. Let g(u) = 5 - u**3 + 5*u**2 + u**2 + 4*u**2 - 2*u**a - 6*u. Let c be g(7). What is the highest common divisor of c and 12?
12
Let i(c) = 4*c**2 - 4*c - 3. Let v be i(-2). Suppose 4*q + 4*w = 52, -2*q + w + v = 2*w. What is the greatest common factor of 16 and q?
8
Let h be (1152/15)/(4/20) - 2. Suppose 255 = 7*c - h. What is the highest common divisor of 26 and c?
13
Let f = -64 + 101. Suppose 0 = u - 397 - f. Suppose 3*l - 61 = u. Calculate the highest common divisor of 15 and l.
15
Let v = -624 - -632. Let m(r) = 7*r**2 - 2*r + 3. Let l be m(-3). Calculate the greatest common divisor of l and v.
8
Let c = 76 - -66. Suppose 0 = 5*s - c + 42. Suppose 0*v + v = s. Calculate the greatest common divisor of 8 and v.
4
Suppose -4*j - o + 49 + 67 = 0, 2*o